 = 3*l**3 + l**2 - 1. Give o(y).
-3
Let a = -34 - -37. Let u(p) = -p**3 + 3*p**2 - 3*p - 4. Calculate u(a).
-13
Let g be 2/7 + 120/21. Let d be (g/3)/(6/(-9)). Let p(h) = h + 7. Give p(d).
4
Suppose -2*v - 2*v - 2*c - 44 = 0, -4*c = -3*v - 11. Let m(w) = -2*w - 1. Determine m(v).
17
Let v(f) = 0 + 6*f - 1 - f**2 - 5*f. Let d(m) = m**3 - 5*m**2 + 4*m. Let w be d(4). Let g be v(w). Let n(k) = -6*k**3 - k**2. Give n(g).
5
Let d be ((-9)/6)/(1/(-2)). Suppose 1 + d = 2*h. Let m(c) = -c**h + 1 + 2*c - 2 + 2 - 3*c. Determine m(1).
-1
Let y(q) = q - 3. Let a = -24 - -20. What is y(a)?
-7
Let g = 1 - 8. Let w(t) = 0*t + t**2 - 6 - 2*t + 8*t. Let b be w(g). Let s(o) = 11*o**3 - o**2 + o. What is s(b)?
11
Let g(v) be the second derivative of 2/3*v**3 + 6*v + 0 + 2*v**2. Determine g(-3).
-8
Let g be (-10)/2*(-12)/(-10). Let q be (-30)/(-9) - 2/6. Let t be q/g - 14/(-4). Let s(w) = -w**2 + 4*w + 1. Calculate s(t).
4
Let w(n) = -n**3 + 3*n**2 + 3*n - 4. Let t be 3 - (0 + -1 + 1). Calculate w(t).
5
Let j be ((-1 - -3) + 18)*1. Suppose -5*w + j = -0*w. Let p(f) = -2*f - 1. Determine p(w).
-9
Let t(h) = h**2 + 7*h - 6. Let f be t(-8). Let y(i) = 1 + 5 - 2*i - 3. Give y(f).
-1
Let r(z) be the second derivative of z**4/12 - z**3/3 - 3*z**2/2 + 4*z. What is r(-2)?
5
Let h(d) be the first derivative of -1/4*d**4 + 2/3*d**3 - 2*d - d**2 + 6. Give h(2).
-6
Let p(q) be the second derivative of 0 - 1/3*q**3 - 4*q + 2*q**2. What is p(4)?
-4
Suppose y - 5*a + 2 + 4 = 0, 3*a = -2*y + 1. Let p(z) = -7*z - 1. Determine p(y).
6
Let w(q) be the second derivative of -q**4/12 - q**3/6 + 3*q**2/2 - 23*q. What is w(-3)?
-3
Let q = -9 + 15. Suppose v + v - q = 0. Let u(f) be the third derivative of -f**6/120 + f**5/20 + f**4/24 - f**3/6 - 2*f**2. What is u(v)?
2
Let i(g) = 7*g + 3 + 2*g**2 + 0*g + g - 3*g. Determine i(-3).
6
Let j(u) be the second derivative of -2*u**3/3 + 4*u**2 + 2*u. Let s(r) = -1. Let y(h) = -j(h) - 5*s(h). Give y(2).
5
Let z(w) = 5*w**2 - 2*w - 1. Let r = -78 + 77. Calculate z(r).
6
Let f(t) = t**3 + 5*t**2 + 6. Suppose 3*w - 5*s + 3 = 13, 2*s = -3*w + 38. Suppose -4*i + w + 3 = -5*u, -5*u - i - 28 = 0. Give f(u).
6
Let a(r) = -2*r + r + 4*r**3 - 15*r**3 + 0*r. Give a(-1).
12
Suppose -2*d + 3*d - 22 = 0. Suppose 3*h - 5*s + 4 = 0, -2*h = -3*h - 3*s + d. Let v(m) = -4 + 2*m + 3*m - h*m. Calculate v(-3).
2
Let j(l) = -l. Let c be j(-6). Let f = 0 + c. Let v(y) = f - 6 - 5*y**3. Give v(1).
-5
Let u be 0 - -2 - (2 - 3). Suppose 3 = -u*z - 3. Let n(m) be the third derivative of m**4/12 - 2*m**2. Calculate n(z).
-4
Let s(p) be the first derivative of 0*p - 3 - 2/3*p**3 + 3/2*p**2. What is s(3)?
-9
Let q be 13/(-4) + (-1)/(-4). Let d(z) = z**2 + 4*z - 2. Determine d(q).
-5
Let v(t) be the third derivative of t**5/60 + 5*t**4/24 + 2*t**3/3 - 2*t**2. Let r be v(-4). Let b(y) = r*y**2 + 1 - 2*y + y**2 + y**2. What is b(1)?
1
Suppose -6*b - 2*b = -56. Let n(s) = -s + 6. Give n(b).
-1
Let m = -4 - -8. Let r(b) = m*b - 6*b + 1 + b. Let p = -43 - -41. Calculate r(p).
3
Let r(j) = -2*j**3 + 2*j**2 + 2*j - 2. Let w(d) = -d**2 + 2*d + 4. Let p be w(5). Let i(v) = -v - 7. Let f be i(p). Suppose 0*u = 2*u - f. Calculate r(u).
-6
Suppose -r = 3*r + w - 12, 5*r + 4*w - 26 = 0. Suppose 2*n + 20 = -r*n. Let i(p) = -p. What is i(n)?
5
Suppose 0 = i - 2*i. Let y be (-2)/3*(i - 3). Let k(w) = -w**3 + 3*w + 3 - 1 - 3. What is k(y)?
-3
Let n(c) = -c**2 - 8*c - 9. Let v be n(-6). Let q(l) = 2*l**v + 3*l**2 - 5*l**2 - l**2. Calculate q(2).
4
Suppose 0 = 3*n + 2*y + 37, -y - 34 = 2*n - 2*y. Suppose 4*a + u = -42, a + 4*u = 5*a + 32. Let z be 26/a + 6/n. Let x(m) = -m**2 + 4. Determine x(z).
-5
Let d(q) = -q**3 - 2*q**2 + 3*q - 2. Let k be (5/(-2))/(2/4). Let l = 2 + k. What is d(l)?
-2
Let o(a) = 5 - 2 - 2*a - 1. Let t = 13 + -8. Suppose 0 = -2*l + 3*v + 11, -6*v + v = t*l - 15. Determine o(l).
-6
Let s(z) = z - 1. Suppose 2*n = n + 27. Suppose n = 4*t + 3. What is s(t)?
5
Let d(b) = b**3 - 5*b**2 - 3. Let f(y) = 2*y - y - 3 - 3*y + 3*y. Let u be f(8). Give d(u).
-3
Suppose 2*o + 6 = -6. Let i(y) = -y + 1. Let h be -3 - -1 - (5 - 2). Let l(g) = -g**3 - 6*g**2 + 5*g - 12. Let a(p) = h*i(p) - l(p). Give a(o).
7
Let l(c) be the first derivative of c**4/4 - c**3/3 + c**2/2 - 10*c - 3. Let x be (-4)/10 - (-4)/10. What is l(x)?
-10
Let s be (-6)/(-15) - 64/10. Let d be (-4)/s*(14 - 5). Let n = -10 + d. Let c(u) = -u**2 - 6*u - 1. Calculate c(n).
7
Let g(p) = -p**3 + 2*p**2 + p + 1. Let o be 6/(-2) - (0 + -11). Suppose 4*u - o = -w, -10 = -u + 2*w + 1. Give g(u).
-5
Let n(s) = -2*s**2 + 3*s - 5. Let p(f) = f**2 + 1. Let u(m) = -n(m) - p(m). Give u(4).
8
Let n(z) = -5 - 2 - z**3 + 2*z**3 + 5*z**2 + 0*z**2 - 9*z. Suppose 2*r = r + 4*t + 2, -3*r + 3*t = 12. Calculate n(r).
11
Let d(m) = 5*m + 9. Let x be d(-1). Let q(g) be the second derivative of -2/3*g**3 - x*g + 0 + 0*g**2. Give q(-1).
4
Let w(f) be the third derivative of f**7/2520 - f**6/90 + 7*f**5/120 + f**4/6 + 6*f**2. Let q(r) be the second derivative of w(r). Calculate q(6).
-5
Let o(n) be the first derivative of n**4/4 + 5*n**3/3 + 3*n**2/2 - 5*n + 27. Give o(-4).
-1
Let j(q) = -5*q. Let s be j(-2). Suppose 5*f - 6 + 1 = 0, n = -5*f + s. Let g(m) be the second derivative of m**3/6 + m**2 - 10*m. Calculate g(n).
7
Suppose -5*q + 14 = -11. Let h(m) = -q*m - 5 + 4 + 0*m. Give h(-1).
4
Let i(b) = b**2 + b - 1. Let j(m) = -m**3 - 5*m**2 - 5*m. Let k = 1 - 0. Let o(x) = k*j(x) - 2*i(x). What is o(-5)?
-13
Let i be (-1 + -2 + -1)/1. Let t = 6 + i. Let s(m) = 4*m**2 - t*m**2 + 1 + 0. Calculate s(1).
3
Suppose -3*h + h - 16 = 0. Let w = -17 - h. Let c = 7 + w. Let l(n) = n**2 + 2*n - 1. Determine l(c).
-1
Suppose 4*r - 8 = 2*r. Suppose -r*u + 9*u = 20. Let n(x) = -x**3 + 5*x**2 - x + 1. Give n(u).
13
Suppose -5*y + 2*n = 8, -2*y - 2*n = 2*n + 8. Let t(f) be the third derivative of 0*f + 0*f**3 + 1/24*f**4 + 2*f**2 + 1/60*f**5 + 0. Give t(y).
2
Let a(n) = n - 7. Suppose 37 - 55 = -3*y. What is a(y)?
-1
Let i be (-1)/(-1*(-1)/(-6)). Let z(u) = -2*u**2 - 5*u**3 - 2*u**3 + 8*u**3 - 4*u**2 - u - 2. What is z(i)?
-8
Suppose -2*a + 1 + 1 = 0. Suppose a = -4*y - 3*x + 9, -3*y = -3*x + 15. Let u(g) = -17*g**2 + 8*g**2 + 12*g**2 + 1. Calculate u(y).
4
Let y = -97 - -97. Let f(d) be the second derivative of 3*d + y + 1/2*d**2 - 1/6*d**3. Determine f(-5).
6
Suppose 2*r + 7 = 2*f - r, -4*f - 3*r + 5 = 0. Let p(y) = -4 - 3*y**f + 0*y + 3*y**3 - 4*y**3 + 0*y**2 - 3*y. Calculate p(-3).
5
Let w be (-1)/(-4) + (-19)/(-4). Suppose 0 = 5*c - 3*c. Let x(r) = 1 + r + r**2 - 6*r**2 + c*r**3 + r**3. Calculate x(w).
6
Suppose 3*u - 9 = -0*u. Let v(q) = 3 - q**3 - 4*q - 3 + 3 - 2 + 4*q**2. What is v(u)?
-2
Let q be (-32)/(-12)*36/16. Let s(a) = -a**2 + 7*a. What is s(q)?
6
Let h(y) = -6*y**2 - 3 - 2*y**3 + 5*y**3 + 4*y - y**3 - y**3. Calculate h(5).
-8
Let a(q) = -2*q + 12. Let p be a(6). Suppose -4*g = -p*g + 24. Let y(m) = -m - 2. Give y(g).
4
Let k(y) = -2*y - 7. Let l be k(-6). Let o(t) = -t + 1. Let u(f) = 4*f - 6. Let p(r) = l*o(r) + u(r). Determine p(3).
-4
Suppose -5*z - 4 = v, -5*v = -5*z + 7 + 13. Suppose -2*s + 0*s = 0. Let q = v - s. Let x(i) = i**2 + 4*i - 2. Determine x(q).
-2
Suppose 0 = -2*u - 2 + 8. Let d(f) = 1 - u + f**3 + 5 + 5*f + 0 + 6*f**2. Give d(-5).
3
Let f(v) be the second derivative of v**5/20 - v**4/4 - 2*v**3/3 - v**2 - v. Let u be -6*(-4)/16*-8. Let x = u - -16. Determine f(x).
-2
Let l(f) = -f - 1. Let k(n) = 5*n**2 - 15*n + 1. Suppose 13 + 2 = 3*z. Let h(m) = -4*m**2 + 14*m. Let j(s) = z*k(s) + 6*h(s). Let i be j(-8). What is l(i)?
2
Suppose 3*m + 13 = -14. Let x = -4 - m. Let o(d) = -d**3 + 2*d**2 + 4*d - 5. Let c(h) = 2*h**3 - 3*h**2 - 8*h + 11. Let i(f) = -2*c(f) - 5*o(f). Determine i(x).
8
Let w(v) = v**2 + 3*v - 6. Let h be 129/(-18) + 2 - 3/(-18). Give w(h).
4
Let a(h) = -8*h**3 + 2*h**2 - 3*h + 2. Let q be a(1). Let w(k) = k**2 + 6*k - 5. What is w(q)?
2
Let q(r) = 5*r + 1. Suppose -2*n + 50 = -7*n. Let p(w) = -w**3 - 10*w**2 - w - 12. Let z be p(n). Give q(z).
-9
Let y = 27 - 32. Let c(v) = v + 7. What is c(y)?
2
Let h(g) = -1. Let a(k) be the third derivative of k**5/60 - k**4/6 - k**3/3 - k**2. Let d(l) = -a(l) - 6*h(l). Calculate d(6).
-4
Let s(g) be the third derivative of -g**8/6720 + g**7/420 - g**6/144 - g**5/120 + g**4